{"id":514,"date":"2022-02-11T18:16:07","date_gmt":"2022-02-11T17:16:07","guid":{"rendered":"https:\/\/www.myroots.lu\/new\/?post_type=product&#038;p=514"},"modified":"2022-11-24T13:28:08","modified_gmt":"2022-11-24T12:28:08","slug":"liqueur-de-sapin","status":"publish","type":"product","link":"https:\/\/www.myroots.lu\/new\/product\/liqueur-de-sapin\/","title":{"rendered":"Liqueur de Sapin"},"content":{"rendered":"","protected":false},"excerpt":{"rendered":"<h5>vol. 50cl. &nbsp;&#8211; &nbsp;alc. 35%&nbsp;<\/h5>\n<div>\n<p><span lang=\"FR\">Avec un parfum et un gout de sapin Douglas sauvage, cette liqueur peut \u00eatre consomm\u00e9 pure, allong\u00e9 avec un cr\u00e9mant ou utilis\u00e9 dans vos cocktails. Il met en avant les caract\u00e9ristiques du sapin Douglas sauvage cueilli dans la for\u00eat Luxembourgeoise.<\/span><\/p>\n<\/div>\n<div>\n<p><span lang=\"FR\">Nous voulons promouvoir les secrets et la g\u00e9n\u00e9rosit\u00e9 de la nature autour de nous.<\/span><\/p>\n<\/div>\n<div>\n<p><span lang=\"FR\">C\u2019est une liqueur unique qui est pr\u00e9par\u00e9 artisanalement en petite quantit\u00e9 par l\u2019\u00e9quipe de My Roots.<\/span><\/p>\n<\/div>\n","protected":false},"featured_media":793,"comment_status":"open","ping_status":"closed","template":"","meta":{"ngg_post_thumbnail":0},"product_brand":[],"product_cat":[29],"product_tag":[],"class_list":{"0":"post-514","1":"product","2":"type-product","3":"status-publish","4":"has-post-thumbnail","6":"product_cat-drinks","7":"post","9":"first","10":"instock","11":"taxable","12":"shipping-taxable","13":"purchasable","14":"product-type-simple"},"_links":{"self":[{"href":"https:\/\/www.myroots.lu\/new\/wp-json\/wp\/v2\/product\/514","targetHints":{"allow":["GET"]}}],"collection":[{"href":"https:\/\/www.myroots.lu\/new\/wp-json\/wp\/v2\/product"}],"about":[{"href":"https:\/\/www.myroots.lu\/new\/wp-json\/wp\/v2\/types\/product"}],"replies":[{"embeddable":true,"href":"https:\/\/www.myroots.lu\/new\/wp-json\/wp\/v2\/comments?post=514"}],"wp:featuredmedia":[{"embeddable":true,"href":"https:\/\/www.myroots.lu\/new\/wp-json\/wp\/v2\/media\/793"}],"wp:attachment":[{"href":"https:\/\/www.myroots.lu\/new\/wp-json\/wp\/v2\/media?parent=514"}],"wp:term":[{"taxonomy":"product_brand","embeddable":true,"href":"https:\/\/www.myroots.lu\/new\/wp-json\/wp\/v2\/product_brand?post=514"},{"taxonomy":"product_cat","embeddable":true,"href":"https:\/\/www.myroots.lu\/new\/wp-json\/wp\/v2\/product_cat?post=514"},{"taxonomy":"product_tag","embeddable":true,"href":"https:\/\/www.myroots.lu\/new\/wp-json\/wp\/v2\/product_tag?post=514"}],"curies":[{"name":"wp","href":"https:\/\/api.w.org\/{rel}","templated":true}]}}